{"id":36,"date":"2024-04-07T15:57:40","date_gmt":"2024-04-07T13:57:40","guid":{"rendered":"https:\/\/loeilderev.fr\/?page_id=36"},"modified":"2025-03-17T18:07:22","modified_gmt":"2025-03-17T17:07:22","slug":"a-propos-de","status":"publish","type":"page","link":"https:\/\/loeilderev.fr\/index.php\/a-propos-de\/","title":{"rendered":"\u00c0 propos de"},"content":{"rendered":"\n<p>L\u2019oeil de R\u00eav \u2026<\/p>\n\n\n\n<p>Le salon vous ouvre ses portes au 3 square des pierreux sur le village de Petit Chambois, un lieu empreint d\u2019une histoire caillouteuse. L\u2019adresse a des accents alchimiques\u2026 En effet, ici, r\u00e9sonne encore l\u2019\u00e9cho lointain du pas lourd des tailleurs sur les \u00e9clats de pierres n\u00e9s de leur intense travail. C\u2019est l\u00e0 que l\u2019\u0153il de R\u00eav trouve ses inspirations. C\u2019est l\u00e0 que j\u2019exploite les r\u00eaves et les visions qui peuplent mon esprit.<\/p>\n\n\n\n<p>Ce salon n\u2019est pas seulement un espace o\u00f9 l\u2019art prend forme sur votre peau, c\u2019est un lieu liminal, une passerelle entre le monde r\u00e9el et le monde onirique. Entre vous et moi. Chaque tatouage raconte une histoire, chaque dessin d\u00e9voile une part de votre \u00e2me. Dans cet entre deux, vous trouverez, bien s\u00fbr, l\u2019\u00e9coute n\u00e9cessaire \u00e0 la r\u00e9alisation de vos projets mais aussi l\u2019opportunit\u00e9 de vivre une exp\u00e9rience spirituelle.<\/p>\n","protected":false},"excerpt":{"rendered":"<p>L\u2019oeil de R\u00eav \u2026 Le salon vous ouvre ses portes au 3 square des pierreux sur le village de Petit Chambois, un lieu empreint d\u2019une histoire caillouteuse. L\u2019adresse a des accents alchimiques\u2026 En effet, ici, r\u00e9sonne encore l\u2019\u00e9cho lointain du pas lourd des tailleurs sur les \u00e9clats de pierres n\u00e9s de leur intense travail. C\u2019est &hellip; <\/p>\n<p class=\"link-more\"><a href=\"https:\/\/loeilderev.fr\/index.php\/a-propos-de\/\" class=\"more-link\">Continue reading<span class=\"screen-reader-text\"> &#8220;\u00c0 propos de&#8221;<\/span><\/a><\/p>\n","protected":false},"author":1,"featured_media":101,"parent":0,"menu_order":0,"comment_status":"closed","ping_status":"closed","template":"","meta":{"footnotes":""},"class_list":["post-36","page","type-page","status-publish","has-post-thumbnail","hentry"],"_links":{"self":[{"href":"https:\/\/loeilderev.fr\/index.php\/wp-json\/wp\/v2\/pages\/36","targetHints":{"allow":["GET"]}}],"collection":[{"href":"https:\/\/loeilderev.fr\/index.php\/wp-json\/wp\/v2\/pages"}],"about":[{"href":"https:\/\/loeilderev.fr\/index.php\/wp-json\/wp\/v2\/types\/page"}],"author":[{"embeddable":true,"href":"https:\/\/loeilderev.fr\/index.php\/wp-json\/wp\/v2\/users\/1"}],"replies":[{"embeddable":true,"href":"https:\/\/loeilderev.fr\/index.php\/wp-json\/wp\/v2\/comments?post=36"}],"version-history":[{"count":6,"href":"https:\/\/loeilderev.fr\/index.php\/wp-json\/wp\/v2\/pages\/36\/revisions"}],"predecessor-version":[{"id":184,"href":"https:\/\/loeilderev.fr\/index.php\/wp-json\/wp\/v2\/pages\/36\/revisions\/184"}],"wp:featuredmedia":[{"embeddable":true,"href":"https:\/\/loeilderev.fr\/index.php\/wp-json\/wp\/v2\/media\/101"}],"wp:attachment":[{"href":"https:\/\/loeilderev.fr\/index.php\/wp-json\/wp\/v2\/media?parent=36"}],"curies":[{"name":"wp","href":"https:\/\/api.w.org\/{rel}","templated":true}]}}