{"id":2,"date":"2024-04-07T11:50:11","date_gmt":"2024-04-07T09:50:11","guid":{"rendered":"http:\/\/loeilderev.fr\/?page_id=2"},"modified":"2025-03-17T18:08:55","modified_gmt":"2025-03-17T17:08:55","slug":"page-d-exemple","status":"publish","type":"page","link":"https:\/\/loeilderev.fr\/index.php\/page-d-exemple\/","title":{"rendered":"L\u2019\u0153il de [R\u00eav]"},"content":{"rendered":"\n<p><\/p>\n\n\n\n<p>Ce qui se cache derri\u00e8re ce nom<\/p>\n\n\n\n<p>L\u2019\u0153il est un organe fascinant !  En premier lieu, par la complexit\u00e9 de son fonctionnement. De tout temps, l\u2019homme a tenter de percer son myst\u00e8re et dans sa qu\u00eate, il a cr\u00e9\u00e9 un objet exceptionnel : la cam\u00e9ra obscura, l&#8217;appareil photographique. La d\u00e9couverte et l\u2019exploration de ce m\u00e9dium a \u00e9t\u00e9 d\u2019une grande richesse pendant mes \u00e9tudes aux Beaux-arts et a profond\u00e9ment marqu\u00e9 ma d\u00e9marche artistique.&nbsp;<\/p>\n\n\n\n<p>L\u2019\u0153il dans sa fonction organique nous permet de percevoir le monde. Mais, c\u2019est \u00e9galement une porte ouverte sur l\u2019\u00e2me. Voir, c\u2019est tout autant \u00eatre vu. Ce double sens exerce sur moi une fascination et d\u2019aussi loin que je me souvienne, je l\u2019ai dessin\u00e9, tentant d\u2019en rendre la magie.&nbsp;<\/p>\n\n\n\n<p>Mais l\u2019\u0153il veille et surveille aussi : on lui reconna\u00eet des vertus de protection contre les mauvais sorts et la malveillance.<\/p>\n\n\n\n<p>Le R\u00eave, quant \u00e0 lui, est un espace int\u00e9rieur, une dimension de notre \u00eatre d\u00e9finitivement indissociable de l\u2019existence au m\u00eame titre que la vie ordinaire et quotidienne. Toutes les deux sont les deux faces de la m\u00eame m\u00e9daille. C\u2019est l\u2019endroit et l\u2019envers du monde\u2026&nbsp;<\/p>\n\n\n\n<p>[ R\u00eav ] \u00e0 l\u2019envers donne [veR]&nbsp;<\/p>\n\n\n\n<p>Ainsi, L\u2019\u0153il de R\u00eav est double \u00e0 bien des titres\u2026<\/p>\n\n\n\n<p>L\u2019\u0153il de Verre est, par ailleurs, un hommage \u00e0 l\u2019une de mes a\u00efeules qui en avait un. Il raconte la r\u00e9silience et la force dans cette capacit\u00e9 \u00e0 observer la beaut\u00e9 du monde malgr\u00e9 les \u00e9preuves.&nbsp;<\/p>\n\n\n\n<p>L\u2019\u0153il de R\u00eav et l\u2019\u0153il de Verre: ce sont mes deux yeux, deux facettes de ma r\u00e9alit\u00e9\u2026 L\u2019 \u0153il du dedans et du dehors.<\/p>\n\n\n\n<blockquote class=\"wp-block-quote is-layout-flow wp-block-quote-is-layout-flow\">\n<p><\/p>\n<\/blockquote>\n\n\n\n<p><\/p>\n\n\n\n<blockquote class=\"wp-block-quote is-layout-flow wp-block-quote-is-layout-flow\">\n<figure class=\"wp-block-image size-large\"><img loading=\"lazy\" decoding=\"async\" width=\"1024\" height=\"1024\" src=\"https:\/\/loeilderev.fr\/wp-content\/uploads\/2025\/03\/Illustration_sans_titre-1024x1024.png\" alt=\"\" class=\"wp-image-165\" srcset=\"https:\/\/loeilderev.fr\/wp-content\/uploads\/2025\/03\/Illustration_sans_titre-1024x1024.png 1024w, https:\/\/loeilderev.fr\/wp-content\/uploads\/2025\/03\/Illustration_sans_titre-300x300.png 300w, https:\/\/loeilderev.fr\/wp-content\/uploads\/2025\/03\/Illustration_sans_titre-150x150.png 150w, https:\/\/loeilderev.fr\/wp-content\/uploads\/2025\/03\/Illustration_sans_titre-768x768.png 768w, https:\/\/loeilderev.fr\/wp-content\/uploads\/2025\/03\/Illustration_sans_titre-1536x1536.png 1536w, https:\/\/loeilderev.fr\/wp-content\/uploads\/2025\/03\/Illustration_sans_titre-100x100.png 100w, https:\/\/loeilderev.fr\/wp-content\/uploads\/2025\/03\/Illustration_sans_titre.png 1780w\" sizes=\"auto, (max-width: 767px) 89vw, (max-width: 1000px) 54vw, (max-width: 1071px) 543px, 580px\" \/><\/figure>\n<\/blockquote>\n","protected":false},"excerpt":{"rendered":"<p>Ce qui se cache derri\u00e8re ce nom L\u2019\u0153il est un organe fascinant ! En premier lieu, par la complexit\u00e9 de son fonctionnement. De tout temps, l\u2019homme a tenter de percer son myst\u00e8re et dans sa qu\u00eate, il a cr\u00e9\u00e9 un objet exceptionnel : la cam\u00e9ra obscura, l&#8217;appareil photographique. La d\u00e9couverte et l\u2019exploration de ce m\u00e9dium &hellip; <\/p>\n<p class=\"link-more\"><a href=\"https:\/\/loeilderev.fr\/index.php\/page-d-exemple\/\" class=\"more-link\">Continue reading<span class=\"screen-reader-text\"> &#8220;L\u2019\u0153il de [R\u00eav]&#8221;<\/span><\/a><\/p>\n","protected":false},"author":1,"featured_media":0,"parent":0,"menu_order":0,"comment_status":"closed","ping_status":"closed","template":"","meta":{"footnotes":""},"class_list":["post-2","page","type-page","status-publish","hentry"],"_links":{"self":[{"href":"https:\/\/loeilderev.fr\/index.php\/wp-json\/wp\/v2\/pages\/2","targetHints":{"allow":["GET"]}}],"collection":[{"href":"https:\/\/loeilderev.fr\/index.php\/wp-json\/wp\/v2\/pages"}],"about":[{"href":"https:\/\/loeilderev.fr\/index.php\/wp-json\/wp\/v2\/types\/page"}],"author":[{"embeddable":true,"href":"https:\/\/loeilderev.fr\/index.php\/wp-json\/wp\/v2\/users\/1"}],"replies":[{"embeddable":true,"href":"https:\/\/loeilderev.fr\/index.php\/wp-json\/wp\/v2\/comments?post=2"}],"version-history":[{"count":5,"href":"https:\/\/loeilderev.fr\/index.php\/wp-json\/wp\/v2\/pages\/2\/revisions"}],"predecessor-version":[{"id":166,"href":"https:\/\/loeilderev.fr\/index.php\/wp-json\/wp\/v2\/pages\/2\/revisions\/166"}],"wp:attachment":[{"href":"https:\/\/loeilderev.fr\/index.php\/wp-json\/wp\/v2\/media?parent=2"}],"curies":[{"name":"wp","href":"https:\/\/api.w.org\/{rel}","templated":true}]}}